*k + 3*j - 2*j = -27, 5*j + 37 = 3*k. What are the prime factors of 3*(-7)/k*344/(-6)?
2, 43
Suppose 2*y + 14 = y. Let w = -31 - y. Let m(l) = l**3 + 17*l**2 - l + 4. What are the prime factors of m(w)?
3, 7
Suppose -a = -4*g - 56 - 23, 2*a = 3*g + 58. Let j = 24 + g. Suppose j*o - 160 = -4*t, -t - 2*o + 42 = -0*t. List the prime factors of t.
2, 19
Let j(t) = 27*t**2 - 43*t + 46. What are the prime factors of j(10)?
2, 3, 193
Let o = -24 - -100. Let l = o + -33. What are the prime factors of l?
43
Let c be (63 - (-6)/3)*(-24)/(-30). Let o = -32 + c. What are the prime factors of o?
2, 5
Let z = -11 - -579. List the prime factors of z.
2, 71
Suppose -4*t = -3*t - 6*t. Suppose -3*y = -t*y - 9, -c + 2*y + 94 = 0. What are the prime factors of c?
2, 5
Suppose -25 = 2*d + 3*d, -2*b + 32 = 2*d. List the prime factors of 1563/b + -4 - (-8)/14.
71
Suppose 5*d + 59 = -151. Let g = 228 + d. What are the prime factors of g?
2, 3, 31
Let h(g) = g**2 + 3*g - 8. Let y be h(-5). Suppose 3*f = y*o - f - 218, -3*o = 3*f - 354. What are the prime factors of o?
5, 23
Let q be (21/(-4) - -1) + 10/40. Let u = 22 + q. List the prime factors of u.
2, 3
Suppose 2*i + 2*i - 16 = 2*a, 4*i - 3*a = 16. Suppose -2*g = s - 261, -2*s + 7*g + 508 = i*g. What are the prime factors of s?
257
Let y be 0/((-1)/1) + -11. Let x(l) = 22*l + 13*l - 2*l**2 - 24*l + 4*l**2 - l**2 + 5. What are the prime factors of x(y)?
5
Let u(a) = -1024*a + 50. What are the prime factors of u(-2)?
2, 1049
Let v(s) = 2*s**2 + 29*s - 1. Let n be v(4). Suppose n = 5*m - 33. What are the prime factors of m?
2, 3
Let h = 106 + -102. Suppose 118 = -5*a - h*v + 1213, v + 451 = 2*a. List the prime factors of a.
223
Let y(d) = d**2 + 16*d - 9. Let s(v) = -v**2 - 15*v + 9. Let a(c) = 3*s(c) + 2*y(c). What are the prime factors of a(-10)?
3, 13
Let d be -1*(2 - 12/2). Let m(v) = v**3 + 5*v**2 - v + 5. Let z be m(-5). What are the prime factors of z/d*72/4?
3, 5
Suppose 33*z = 22*z + 16214. What are the prime factors of z?
2, 11, 67
Suppose 39390 = 43*m + 10881. What are the prime factors of m?
3, 13, 17
Let b = -110 + 261. What are the prime factors of b?
151
Suppose 0 = l - 3*t + 856, -6*l + 8*l - 3*t = -1727. Let b = -524 - l. List the prime factors of b.
347
Let v be (-1)/2 - (-11)/2. Suppose 365 = 5*o + 5*j, 3*o - 65 = j + 138. Suppose v*q = 2*q + o. What are the prime factors of q?
23
Let w = 3396 - 1775. What are the prime factors of w?
1621
What are the prime factors of ((-30)/(-4))/(45/2940)?
2, 5, 7
Suppose -c = 4*c + 50. Let z = 14 + c. Suppose -2*p + z*k = -44 - 26, 0 = -3*p + 2*k + 117. List the prime factors of p.
41
Let y = -36 + 35. List the prime factors of (1*-3 - y)*(-8 + -34).
2, 3, 7
Suppose -v = -7*v. List the prime factors of (3 - (-34)/(-10))*(-270 - v).
2, 3
Let l(o) = 2*o - 5*o + 25 - 4*o + 0*o. List the prime factors of l(-9).
2, 11
Let b = -1706 - -2207. List the prime factors of b.
3, 167
Let b(d) = d**3 + 6*d**2 + 10*d + 8. Let w be b(-6). Let r = -26 - -102. Let m = w + r. What are the prime factors of m?
2, 3
Suppose 5*y - 455 = 5*g, -2*g - 85 = -y + 2*g. Let c = y - 46. List the prime factors of c.
47
Let t(z) = 3*z - 9. Let w be t(4). Suppose 0 = -2*b - 2, -2*k + w*k + 3*b = 0. What are the prime factors of k + -4*(-3)/6?
5
What are the prime factors of (12732/16)/(-3)*(-9 + 5)?
1061
Let r(g) = g**3 + 4*g**2 - 3*g + 1. Let a = -5 - 1. Let o be (3/a)/(1/(-4)). List the prime factors of r(o).
19
Suppose v - 123 = 4*d, -2*d - 141 = 3*d + 3*v. Let o be 128/6 - (-10)/d. What are the prime factors of 406/o*6/4?
29
Suppose 18399 = 4*o + 5*s, -9204 = -2*o - 13*s + 9*s. What are the prime factors of o?
2, 3, 383
Suppose 0 = 11*v - 7*v + 4*y - 4020, -5*v = 4*y - 5026. List the prime factors of v.
2, 503
Suppose -j - 2*p + 19 = 2*p, -5*j = -4*p - 23. Suppose 5*z = -5*l - 10, 0*z = -3*l - 4*z - j. Let k = l - -13. What are the prime factors of k?
2, 3
Let y = -503 + 910. What are the prime factors of y?
11, 37
Suppose -49 = 2*o - 155. Suppose -211 = -2*b - o. Let u = b - 54. List the prime factors of u.
5
Let j be 12/(-16)*2*-2. Let w(u) = -u + 4. Let q be w(j). List the prime factors of 2/(-2*q/(-22)).
2, 11
Suppose -r + 6 = 5*r. What are the prime factors of r/(2/118) - 0/(-1)?
59
Let k(b) = -2 + 3 + 3*b - 2 - b**2 - 1. Let s(c) = 2*c**2 - 5*c + 3. Let v(d) = 7*k(d) + 4*s(d). List the prime factors of v(4).
2, 3
Suppose -40768 = 42*n - 68*n. List the prime factors of n.
2, 7
Suppose -16 = -4*v, -3*v + 8 = 4*l - 0. List the prime factors of 1*l + -3 + 8.
2
Suppose -13 = o - 90. Let w = -36 + o. What are the prime factors of w?
41
Let f be (2136/(-10) + 3/5)*-1. Let l = f - -33. What are the prime factors of l?
2, 3, 41
Let q(y) be the third derivative of y**4/12 - 5*y**3/6 - 91*y**2. Let g(r) = r**2 + r - 4. Let j be g(-4). What are the prime factors of q(j)?
11
Suppose -3 = -4*j + 21. Let y(f) = 4*f**2 + 10*f - 1. Let t(z) = -z**2 - z - 2. Let l(q) = -5*t(q) - y(q). List the prime factors of l(j).
17
Let c = 86 - 61. Let g be (c/(-2))/(11/(-44)). Suppose 5*r - 190 - g = 0. What are the prime factors of r?
2, 3
Let w(v) = 950*v + 4. What are the prime factors of w(1)?
2, 3, 53
Let d(g) = 77*g**2 + 10*g + 15. List the prime factors of d(-2).
3, 101
Let q(i) = i + 13. Let o be q(-12). List the prime factors of o + 0 + 12 + 0.
13
Let t = 12 - 9. Suppose 9 + 0 = -t*y. What are the prime factors of (2 - y/6)*2?
5
Let g(j) = -j**2 + 6*j + 12. Let s(t) = -t**2 + 7*t + 12. Let r(q) = 4*g(q) - 5*s(q). Let c be r(12). Suppose -f + c*f = -41. What are the prime factors of f?
41
Suppose -13*h + 8460 = 17*h. List the prime factors of h.
2, 3, 47
Suppose 0 = 207*l - 198*l - 4788. List the prime factors of l.
2, 7, 19
Suppose 0 = 4*h + h. Suppose h*l = -5*l. Suppose -5*q - 2*a + 12 = l, 6*a - 2*a = -2*q - 8. List the prime factors of q.
2
Let y be 3 + -75 + 5 + -3. Let a = 199 + y. List the prime factors of a.
3, 43
Suppose 0 = 9*p + 1314 - 4311. What are the prime factors of p?
3, 37
Suppose -6*h = -9*h + 66. Suppose 1628 = h*d - 1584. List the prime factors of d.
2, 73
Suppose 26*v + 4 = 28*v. List the prime factors of v/(-3) - 346/(-6).
3, 19
Let z = -242 - -456. Let k = z - 117. What are the prime factors of k?
97
What are the prime factors of (0 - -1) + 8437/59?
2, 3
Let s(w) = 3*w**2 - 5*w - 3. Let x be s(5). Suppose 2 = -4*f - 10, -3*f - 78 = 3*r. Let q = r + x. What are the prime factors of q?
2, 3
Suppose 0 = -40*m + 41*m - 214. What are the prime factors of m?
2, 107
Let p be (-4)/(-8) - 6/(-4). Suppose -2 = p*v - 3*v. Suppose v + 1 = b. What are the prime factors of b?
3
Let r(l) = l + 139. List the prime factors of r(10).
149
Suppose -6*g + 2*g = -32. Suppose 0*j - 3*j - 4*b + 304 = 0, g = 2*b. List the prime factors of j.
2, 3
Let f = -217 + 1585. What are the prime factors of f?
2, 3, 19
Let u be -2*((-2)/9 - (-427)/18). Let w = 18 - u. List the prime factors of w.
5, 13
Suppose -12864 = -3*y - 3*p, 0 = 97*p - 94*p + 12. List the prime factors of y.
2, 29, 37
Let f(s) = 11*s + 58. What are the prime factors of f(10)?
2, 3, 7
Suppose -j = 3*i + 40, -2*j + 5*i - 88 = 3*i. What are the prime factors of (-12 - j) + (2 - -2)?
5, 7
Suppose -4*w + 946 = -3030. What are the prime factors of w?
2, 7, 71
Let f(a) = -a - 21. Let o be f(-11). List the prime factors of (-8 - o)*278/2.
2, 139
Let j(d) = 10*d**2 - d + 42. List the prime factors of j(6).
2, 3, 11
Let b(r) be the second derivative of -7*r + 0 + 13/6*r**3 - 9/2*r**2. List the prime factors of b(3).
2, 3, 5
What are the prime factors of 558 + (7 - -5 - 4)?
2, 283
Let n(t) = -t**3 - 4*t**2 - 3*t - 3. Let v(z) = -z**2 - 2*z - 4. Let y be v(-2). Let r be n(y). Let d(j) = -j + 11. List the prime factors of d(r).
2
Let f be 5/15 - 58/3. Let o = 50 - f. List the prime factors of o.
3, 23
Suppose -1476 + 350 = -2*y. List the prime factors of y.
563
Let w = 493 - 182. What are the prime factors of w?
311
Suppose 54421 = 53*y - 13419. What are the prime factors of y?
2, 5
Let c = 1590 + -931. What are the prime factors of c?
659
Let l be (-846)/4*40/(-15). Suppose -4*o + l = -64. Suppose 4*b - 4*d = -d + o, 40 = b - d. What are the prime factors of b?
37
Let k(s) = -8*s + 3. Let z be k(-3). Suppose 0 = -3*b + 126 + z. List the prime factors of 